git of w?
4
Let v(q) = -3*q - 1. Let r be v(-9). Let i = 11 + -8. Suppose -r = -i*w - 8. What is the units digit of w?
6
Suppose -4*f = -16 + 8. Suppose 5*v + 176 = 3*z, -f*z + 92 = 2*v + v. What is the tens digit of z?
5
Suppose 4*w = s + s - 24, 3*s = -w + 15. Suppose -2*n + 0*n + 4 = -l, -4*l + 5 = -n. Let m = n + s. What is the units digit of m?
9
Let h = -8 - -18. Let q = h + -3. Let n(l) = -l**3 + 9*l**2 - 9*l - 9. What is the tens digit of n(q)?
2
Suppose 4*j - 2 = 18. Suppose -6*g = -j - 37. What is the units digit of g?
7
Suppose -2582 = -2*y - 4*l, 3*l + 1277 + 24 = y. What is the thousands digit of y?
1
Let y = -3682 - -5438. What is the tens digit of y?
5
Let f(v) = -15*v - 14. Let s(i) = 7*i + 7. Let h(g) = -6*f(g) - 13*s(g). What is the units digit of h(-13)?
6
Let v = -200 + 529. What is the units digit of v?
9
Suppose -4*s + 9*s = 10. Suppose 2*w = 3*g + 134, -s*g = -3*w - w + 252. What is the tens digit of w?
6
Let z(i) = i**3 + 7*i**2 + 4*i - 7. Let d be z(-6). Let t be 562/(-10) - d/(-25). Let w = t + 80. What is the units digit of w?
4
Suppose 3*k - 101 = -5*p, 4*k - 99 - 24 = 5*p. Suppose -2*o + k = 4*y, -o + 42 = 5*y + 11. What is the units digit of o?
6
Let s = 49 - 35. Let y = -8 + s. Suppose -y*z + 30 = -2*z + 3*h, -2*z + 10 = 4*h. What is the units digit of z?
9
Let o(x) = x**2 + 5*x - 81. What is the hundreds digit of o(17)?
2
What is the hundreds digit of (32/6)/(68/39066)?
0
Let s(q) = 19*q + 1391. What is the units digit of s(0)?
1
Suppose l - 4*l - 93 = 0. Let r = l + 50. What is the units digit of r?
9
Suppose -151*u - 1636 = -153*u. What is the units digit of u?
8
Suppose 2*u = -3*u + 275. Let n be (8/(-10))/(11/u). What is the tens digit of n/10 - (-304)/10?
3
Let r be (-1)/(-2) - (-1509)/6. Suppose 0 = -0*x + 6*x - r. What is the tens digit of x?
4
Suppose -24*j + 5796 = -3204. What is the hundreds digit of j?
3
Suppose 0 = 2*z - 334 - 946. Suppose -2*v + 3*u + 258 = u, -4*u = -5*v + z. Let a = v - 74. What is the tens digit of a?
5
Suppose u - 13 = 5. Suppose 0 = -16*j + u*j - 100. What is the tens digit of j?
5
Let g(q) = -q**3 - 53*q**2 - 147*q + 17. What is the hundreds digit of g(-51)?
3
Suppose 0 = 5*x - 2*k - 6599, 9*k - 7*k = -5*x + 6611. What is the thousands digit of x?
1
Suppose -17*f + 6 = -16*f. Let l(y) = 5*y + f - 5 + y. What is the tens digit of l(5)?
3
Let y = 38 + -22. Suppose -5*m - 2*x + 20 = 0, 0 = 4*m - x + 5*x - y. Suppose g = -m, 2*k - 5*k + 54 = 3*g. What is the tens digit of k?
2
Let t = 3000 - 1461. What is the hundreds digit of t?
5
Suppose 24*x - 36*x = -31848. What is the hundreds digit of x?
6
Let s(m) = 8*m**2 - 17*m + 152. What is the tens digit of s(11)?
3
What is the hundreds digit of (-16)/(-8)*463 - 5?
9
Suppose 3*x = 2*m + 32, -2*m + 7 = x + m. Let c(r) = r**3 - 10*r**2 + r - 15. Let i be c(x). What is the tens digit of i + 39 + -1 + 0?
3
Let g(j) = -100*j + 16. Let w be g(-2). Suppose -8*l + 5*h = -12*l + 211, -4*h = 4*l - w. What is the units digit of l?
9
What is the hundreds digit of ((-81011)/(-142))/(1/6)?
4
Let f = -194 - -112. Let x = 164 + f. What is the tens digit of x?
8
Suppose 29 = -5*k - 41. Let v be (-6)/(-21) + (-52)/k. Suppose -v*y - y + 80 = 0. What is the tens digit of y?
1
Let r(d) = 4*d**3 - 3*d**2 + 25*d - 39. What is the tens digit of r(4)?
6
Suppose 3*t = -2*t + 5*p, 2*p - 12 = -4*t. Suppose 2*l = -2, -3*n + t*l + 3*l = -11. Let x(b) = b**3 - 2*b**2 + 2. What is the units digit of x(n)?
2
What is the thousands digit of 2/4 + -11 + (-24756)/(-24)?
1
Suppose -2*b - 65 = 3*b. Suppose -5*z - 61 = 4*t - 6*z, -2*t - 2*z = 18. Let s = b - t. What is the units digit of s?
1
Suppose -t - 3*t = -4*z + 112, -5*z = t - 110. Suppose -z = -m - 16. What is the units digit of m?
7
Let w = 1557 + -1511. What is the units digit of w?
6
Let j(q) = -165*q - 6. Let a be j(-5). Suppose -291 + a = -2*l. What is the units digit of (2/(-6))/(4/l)?
2
Let s be 86/4*-2 - 0. What is the units digit of 0 - s - (19 - 17)?
1
Let t(r) = -r**3 + 4*r**2 - 4*r + 1. Let a be t(4). Let y(u) = u**3 + 14*u**2 - 14*u + 6. Let x be y(a). Let b = -2 - x. What is the units digit of b?
7
Suppose t + 0 = 6. Let r(y) = -y**3 + 7*y**2 + 2*y - 7. What is the tens digit of r(t)?
4
Let b(p) = -p**3 - 19*p**2 - 16*p + 22. Let l be b(-17). Let j be 10/(-45) - l/(-18). What is the units digit of (-8)/(-10) - j/5?
4
Suppose 1565*t + 29832 = 1577*t. What is the hundreds digit of t?
4
What is the hundreds digit of (-4538)/(-10) - (-8)/40?
4
Let q(l) = l**3 - 13*l**2 + 12*l + 13. Let j = -1 + 11. Let h = j - -2. What is the units digit of q(h)?
3
Let v(n) = -35*n + 123. What is the tens digit of v(-4)?
6
Suppose 0 = 2*o + 4*m - 4, 3*o - 4*m = -m + 6. Let p be -3 - (-2)/(4/6). Suppose p = o*t + 73 - 193. What is the tens digit of t?
6
Let p = -61 - -382. Suppose 4*r - j - 462 = 145, 3*j - p = -2*r. What is the hundreds digit of r?
1
Suppose -6*h + 4*v = -11440, -2*h + 6*v + 3805 = 3*v. What is the hundreds digit of h?
9
Let f = 576 + -500. What is the units digit of f?
6
Let s(m) = 4*m + 106. Let v(t) = -8*t - 211. Let k(g) = 5*s(g) + 2*v(g). What is the tens digit of k(0)?
0
Let w = -181 + 929. What is the hundreds digit of w?
7
Suppose -v - 4*f = -308, -5*f = -v - 4*f + 293. What is the tens digit of v?
9
Let d(c) = c**2 + 6*c - 6. Let i = 19 - 32. Let q be d(i). Suppose 4*x - x - 4*p = q, x = -4*p + 23. What is the tens digit of x?
2
Suppose -9*r + 2561 = 4*r. What is the units digit of r?
7
Let z(s) = -8*s**3 - 3*s**2 + 7. What is the tens digit of z(-2)?
5
Suppose -d + 15*d - 2212 = 0. What is the hundreds digit of d?
1
Let l(q) = -q**2 - 12*q - 10. Let h be l(-6). Let z = -36 + h. What is the units digit of z*((-3)/(-2) + -2)?
5
Let u = 122 + 354. What is the tens digit of u?
7
Let s = 60 - 45. What is the tens digit of s/(-20) - 3/(24/(-310))?
3
Let x(a) = -17*a - 1. Suppose -2*l + 2 = 5*d + 15, -2*l + 17 = -5*d. Let f be x(d). Suppose -13 = -3*y + f. What is the units digit of y?
1
Let n = 12 - 18. Let g(a) = a**3 + 6*a**2 - 2*a + 1. Let u be g(n). Let x = 9 + u. What is the tens digit of x?
2
Let l = -81 + 39. Let a = l + 19. Let u = -1 - a. What is the units digit of u?
2
Let v be (5 + 23/(-5))*(-2 + 7). Suppose -6*s = -f - v*s + 36, -f - 4*s = -20. What is the units digit of f?
8
Let p be -2 + (723 - 2 - -1). Suppose -23*m - p = -31*m. What is the units digit of m?
0
Suppose -4*o + 2 = 2*y + o, -5*y - 3*o + 5 = 0. Let f be (1 + y)*1 - -3. Suppose -f*d = -1 - 19. What is the units digit of d?
4
Let l = -14 + 14. What is the units digit of 4 + -1 + 70 + l?
3
Let s(x) = 8*x**2 - 7*x + 4. Let u be s(8). Suppose 22*w = 27*w - u. What is the units digit of w?
2
Let l = 448 - 290. What is the units digit of l?
8
Let j(k) = k**2 + 8*k - 2. Let z(v) = -2*v**2 - 8*v + 1. Let n(u) = -3*j(u) - 2*z(u). What is the units digit of n(19)?
3
Let z be (-1)/2 + (-272)/32. Let j(k) = -k**2 - 16*k - 12. What is the units digit of j(z)?
1
Let q = -1303 - -2607. What is the units digit of q?
4
Let c(d) = 902*d - 2. Let l be c(-1). What is the units digit of l/(-10) + 15/25?
1
Suppose 27*i - 1053 = -0*i. Suppose 0*o + 4*s - 27 = -3*o, 5*s = 0. Suppose 3*u - o = l - 23, l + 2*u = i. What is the units digit of l?
9
Let n(h) = -h + 25. Let z be n(13). Suppose 2*x + 8 - z = 0. Let r(j) = 18*j - 2. What is the tens digit of r(x)?
3
Suppose 7*z - 64 = -15. Suppose -981 = -z*l + 153. What is the hundreds digit of l?
1
Let x = -438 - -865. What is the units digit of x?
7
Let a(m) = 6*m - 2. Suppose 17 = 4*r + 5*v - 4*v, -r - 4*v = -23. Suppose r*y = 14 + 4. What is the units digit of a(y)?
4
Let x(p) be the second derivative of 2*p**3 + 5*p**2 + 9*p. What is the units digit of x(13)?
6
Let i = -335 - -386. What is the units digit of i?
1
Let c be ((-28)/(-8))/(2/(-4)). Let n(t) = t + 10. Let z be n(c). Suppose 2 - 74 = -z*y. What is the units digit of y?
4
Let z = -13 + 25. Let u = -8 + z. Suppose -134 = -u*w - 0*l + 3*l, -2*l = -w + 36. What is the tens digit of w?
3
Let h(z) = 8*z + 40. Let f be h(-5). Suppose -4*c - 2*o + 216 + 82 = f, 5*o = 2*c - 167. What is the units digit of c?
6
Let y be -1*(-4)/(-3)*9/(-2). Let p(x) = -x**3 + 1. Let j be p(-2). What is the tens digit of (j*y - 0) + 4?
5
Let o = 1853 + -342. What 